{"id":666,"date":"2024-06-15T15:30:44","date_gmt":"2024-06-15T12:30:44","guid":{"rendered":"https:\/\/emstrong.com.tr\/?page_id=666"},"modified":"2024-06-15T15:37:24","modified_gmt":"2024-06-15T12:37:24","slug":"emstrong-patent-onayi","status":"publish","type":"page","link":"http:\/\/emstrong.com.tr\/index.php\/hakkimizda\/emstrong-patent-onayi","title":{"rendered":"EMSTRONG Cihaz\u0131 T\u00fcrk Patent ve Marka Kurumu Taraf\u0131ndan Onayland\u0131"},"content":{"rendered":"\n<p>EMSTRONG Cihaz\u0131 T\u00fcrk Patent ve Marka Kurumu Taraf\u0131ndan Onayland\u0131: Diyetisyenlerin Yeni Nesil Destek\u00e7isi<\/p>\n\n\n<div class=\"wp-block-image\">\n<figure class=\"aligncenter size-large\"><img loading=\"lazy\" decoding=\"async\" width=\"744\" height=\"1024\" src=\"http:\/\/emstrong.com.tr\/wp-content\/uploads\/2024\/06\/Emstrong-patenti-744x1024.jpeg\" alt=\"EMSTRONG cihaz\u0131, T\u00fcrk Patent ve Marka Kurumu taraf\u0131ndan onayland\u0131.\" class=\"wp-image-667\" srcset=\"http:\/\/emstrong.com.tr\/wp-content\/uploads\/2024\/06\/Emstrong-patenti-744x1024.jpeg 744w, http:\/\/emstrong.com.tr\/wp-content\/uploads\/2024\/06\/Emstrong-patenti-218x300.jpeg 218w, http:\/\/emstrong.com.tr\/wp-content\/uploads\/2024\/06\/Emstrong-patenti-768x1057.jpeg 768w, http:\/\/emstrong.com.tr\/wp-content\/uploads\/2024\/06\/Emstrong-patenti-1116x1536.jpeg 1116w, http:\/\/emstrong.com.tr\/wp-content\/uploads\/2024\/06\/Emstrong-patenti-600x826.jpeg 600w, http:\/\/emstrong.com.tr\/wp-content\/uploads\/2024\/06\/Emstrong-patenti.jpeg 1162w\" sizes=\"auto, (max-width: 744px) 100vw, 744px\" \/><figcaption class=\"wp-element-caption\">EMSTRONG cihaz\u0131, T\u00fcrk Patent ve Marka Kurumu taraf\u0131ndan onayland\u0131.<\/figcaption><\/figure>\n<\/div>\n\n\n<hr class=\"wp-block-separator has-alpha-channel-opacity\"\/>\n\n\n\n<p>Diyetisyenlerin diyet programlar\u0131na premium destek sa\u011flayan EMSTRONG cihaz\u0131, T\u00fcrk Patent ve Marka Kurumu taraf\u0131ndan tescillemi\u015ftir. Bu onay, EMSTRONG&#8217;un g\u00fcvenirli\u011fini ve marka korumas\u0131n\u0131 art\u0131rm\u0131\u015f oldu. DiyetisyenStore taraf\u0131ndan geli\u015ftirilen yeni cihazlarla, diyetisyenlerin i\u015flerini kolayla\u015ft\u0131rmak ve dan\u0131\u015fanlar\u0131na daha etkili \u00e7\u00f6z\u00fcmler sunmak amac\u0131yla tasarlanm\u0131\u015ft\u0131r.<\/p>\n\n\n\n<p>EMSTRONG, diyetisyenlerin dan\u0131\u015fanlar\u0131na sundu\u011fu hizmetleri bir \u00fcst seviyeye ta\u015f\u0131yan g\u00fc\u00e7l\u00fc ve etkileyici bir cihazd\u0131r. Kullan\u0131m\u0131 son derece kolay olan bu cihaz, sa\u011flad\u0131\u011f\u0131 b\u00fcy\u00fck etkilerle dikkat \u00e7ekmektedir. <\/p>\n\n\n\n<p>Diyetisyenler, EMSTRONG&#8217;u diyet programlar\u0131na entegre ederek dan\u0131\u015fanlar\u0131n\u0131n hedeflerine daha h\u0131zl\u0131 ve etkili bir \u015fekilde ula\u015fmalar\u0131n\u0131 sa\u011flamaktad\u0131r.<\/p>\n\n\n\n<p>Diyetisyenlerin diyet programlar\u0131na premium destek sa\u011flayan EMSTRONG cihaz\u0131, T\u00fcrk Patent ve Marka Kurumu taraf\u0131ndan onayland\u0131. DiyetisyenStore taraf\u0131ndan sat\u0131\u015fa sunulan bu cihaz, diyetisyenlerin i\u015flerini kolayla\u015ft\u0131rmak ve dan\u0131\u015fanlar\u0131na daha etkili \u00e7\u00f6z\u00fcmler sunmak amac\u0131yla tasarlanm\u0131\u015ft\u0131r.<\/p>\n\n\n\n<p>EMSTRONG, diyetisyenlerin dan\u0131\u015fanlar\u0131na sundu\u011fu hizmetleri bir \u00fcst seviyeye ta\u015f\u0131yan g\u00fc\u00e7l\u00fc ve etkileyici bir cihazd\u0131r. Kullan\u0131m\u0131 son derece kolay olan bu cihaz, sa\u011flad\u0131\u011f\u0131 b\u00fcy\u00fck etkilerle dikkat \u00e7ekmektedir. Diyetisyenler, EMSTRONG&#8217;u diyet programlar\u0131na entegre ederek dan\u0131\u015fanlar\u0131n\u0131n hedeflerine daha h\u0131zl\u0131 ve etkili bir \u015fekilde ula\u015fmalar\u0131n\u0131 sa\u011flamaktad\u0131r.<\/p>\n\n\n\n<p>EMSTRONG&#8217;un patent onay\u0131 almas\u0131, bu cihaz\u0131n kalitesini ve g\u00fcvenilirli\u011fini bir kez daha g\u00f6zler \u00f6n\u00fcne sermektedir. DiyetisyenStore olarak, diyetisyenlerin ihtiya\u00e7lar\u0131n\u0131 en iyi \u015fekilde kar\u015f\u0131lamak i\u00e7in s\u00fcrekli olarak yenilik\u00e7i \u00e7\u00f6z\u00fcmler sunmaya devam ediyoruz. EMSTRONG, bu \u00e7abalar\u0131m\u0131z\u0131n en son \u00f6rne\u011fidir ve diyetisyenlerin i\u015flerini daha etkili ve verimli hale getirmek i\u00e7in tasarlanm\u0131\u015ft\u0131r.<\/p>\n","protected":false},"excerpt":{"rendered":"<p>EMSTRONG Cihaz\u0131 T\u00fcrk Patent ve Marka Kurumu Taraf\u0131ndan Onayland\u0131: Diyetisyenlerin Yeni Nesil Destek\u00e7isi Diyetisyenlerin diyet programlar\u0131na premium destek sa\u011flayan EMSTRONG cihaz\u0131, T\u00fcrk Patent ve Marka Kurumu taraf\u0131ndan tescillemi\u015ftir. Bu onay, EMSTRONG&#8217;un g\u00fcvenirli\u011fini ve marka korumas\u0131n\u0131 art\u0131rm\u0131\u015f oldu. DiyetisyenStore taraf\u0131ndan geli\u015ftirilen yeni cihazlarla, diyetisyenlerin i\u015flerini kolayla\u015ft\u0131rmak ve dan\u0131\u015fanlar\u0131na daha etkili \u00e7\u00f6z\u00fcmler sunmak amac\u0131yla tasarlanm\u0131\u015ft\u0131r. EMSTRONG, diyetisyenlerin [&hellip;]<\/p>\n","protected":false},"author":1,"featured_media":667,"parent":367,"menu_order":0,"comment_status":"closed","ping_status":"closed","template":"","meta":{"footnotes":""},"class_list":["post-666","page","type-page","status-publish","has-post-thumbnail","hentry"],"yoast_head":"<!-- This site is optimized with the Yoast SEO plugin v21.3 - https:\/\/yoast.com\/wordpress\/plugins\/seo\/ -->\n<title>EMSTRONG Cihaz\u0131 T\u00fcrk Patent ve Marka Kurumu Taraf\u0131ndan Onayland\u0131 - Emstrong<\/title>\n<meta name=\"description\" content=\"EMSTRONG cihaz\u0131, T\u00fcrk Patent ve Marka Kurumu taraf\u0131ndan onayland\u0131. Diyetisyenlerin diyet programlar\u0131na premium destek sa\u011flayan bu yeni nesil elektro manyetik sistem hakk\u0131nda daha fazla bilgi edinin.\" \/>\n<meta name=\"robots\" content=\"index, follow, max-snippet:-1, max-image-preview:large, max-video-preview:-1\" \/>\n<link rel=\"canonical\" href=\"http:\/\/emstrong.com.tr\/index.php\/hakkimizda\/emstrong-patent-onayi\" \/>\n<meta property=\"og:locale\" content=\"tr_TR\" \/>\n<meta property=\"og:type\" content=\"article\" \/>\n<meta property=\"og:title\" content=\"EMSTRONG Cihaz\u0131 T\u00fcrk Patent ve Marka Kurumu Taraf\u0131ndan Onayland\u0131 - Emstrong\" \/>\n<meta property=\"og:description\" content=\"EMSTRONG cihaz\u0131, T\u00fcrk Patent ve Marka Kurumu taraf\u0131ndan onayland\u0131. Diyetisyenlerin diyet programlar\u0131na premium destek sa\u011flayan bu yeni nesil elektro manyetik sistem hakk\u0131nda daha fazla bilgi edinin.\" \/>\n<meta property=\"og:url\" content=\"http:\/\/emstrong.com.tr\/index.php\/hakkimizda\/emstrong-patent-onayi\" \/>\n<meta property=\"og:site_name\" content=\"Emstrong\" \/>\n<meta property=\"article:publisher\" content=\"https:\/\/www.instagram.com\/emstrongtr\/\" \/>\n<meta property=\"article:modified_time\" content=\"2024-06-15T12:37:24+00:00\" \/>\n<meta property=\"og:image\" content=\"http:\/\/emstrong.com.tr\/wp-content\/uploads\/2024\/06\/Emstrong-patenti.jpeg\" \/>\n\t<meta property=\"og:image:width\" content=\"1162\" \/>\n\t<meta property=\"og:image:height\" content=\"1600\" \/>\n\t<meta property=\"og:image:type\" content=\"image\/jpeg\" \/>\n<meta name=\"twitter:card\" content=\"summary_large_image\" \/>\n<meta name=\"twitter:site\" content=\"@gencdiyetisyen\" \/>\n<meta name=\"twitter:label1\" content=\"Tahmini okuma s\u00fcresi\" \/>\n\t<meta name=\"twitter:data1\" content=\"2 dakika\" \/>\n<script type=\"application\/ld+json\" class=\"yoast-schema-graph\">{\"@context\":\"https:\/\/schema.org\",\"@graph\":[{\"@type\":\"WebPage\",\"@id\":\"http:\/\/emstrong.com.tr\/index.php\/hakkimizda\/emstrong-patent-onayi\",\"url\":\"http:\/\/emstrong.com.tr\/index.php\/hakkimizda\/emstrong-patent-onayi\",\"name\":\"EMSTRONG Cihaz\u0131 T\u00fcrk Patent ve Marka Kurumu Taraf\u0131ndan Onayland\u0131 - Emstrong\",\"isPartOf\":{\"@id\":\"https:\/\/emstrong.com.tr\/#website\"},\"datePublished\":\"2024-06-15T12:30:44+00:00\",\"dateModified\":\"2024-06-15T12:37:24+00:00\",\"description\":\"EMSTRONG cihaz\u0131, T\u00fcrk Patent ve Marka Kurumu taraf\u0131ndan onayland\u0131. Diyetisyenlerin diyet programlar\u0131na premium destek sa\u011flayan bu yeni nesil elektro manyetik sistem hakk\u0131nda daha fazla bilgi edinin.\",\"breadcrumb\":{\"@id\":\"http:\/\/emstrong.com.tr\/index.php\/hakkimizda\/emstrong-patent-onayi#breadcrumb\"},\"inLanguage\":\"tr\",\"potentialAction\":[{\"@type\":\"ReadAction\",\"target\":[\"http:\/\/emstrong.com.tr\/index.php\/hakkimizda\/emstrong-patent-onayi\"]}]},{\"@type\":\"BreadcrumbList\",\"@id\":\"http:\/\/emstrong.com.tr\/index.php\/hakkimizda\/emstrong-patent-onayi#breadcrumb\",\"itemListElement\":[{\"@type\":\"ListItem\",\"position\":1,\"name\":\"Anasayfa\",\"item\":\"https:\/\/emstrong.com.tr\/\"},{\"@type\":\"ListItem\",\"position\":2,\"name\":\"Hakk\u0131m\u0131zda\",\"item\":\"http:\/\/emstrong.com.tr\/index.php\/hakkimizda\"},{\"@type\":\"ListItem\",\"position\":3,\"name\":\"EMSTRONG Cihaz\u0131 T\u00fcrk Patent ve Marka Kurumu Taraf\u0131ndan Onayland\u0131\"}]},{\"@type\":\"WebSite\",\"@id\":\"https:\/\/emstrong.com.tr\/#website\",\"url\":\"https:\/\/emstrong.com.tr\/\",\"name\":\"Emstrong\",\"description\":\"G\u00fc\u00e7 Seninle Olsun\",\"publisher\":{\"@id\":\"https:\/\/emstrong.com.tr\/#organization\"},\"alternateName\":\"EmStrong Pro4\",\"potentialAction\":[{\"@type\":\"SearchAction\",\"target\":{\"@type\":\"EntryPoint\",\"urlTemplate\":\"https:\/\/emstrong.com.tr\/?s={search_term_string}\"},\"query-input\":\"required name=search_term_string\"}],\"inLanguage\":\"tr\"},{\"@type\":\"Organization\",\"@id\":\"https:\/\/emstrong.com.tr\/#organization\",\"name\":\"Emstrong\",\"alternateName\":\"Diyetisyenstore D\u0131\u015f Tic. Ltd. \u015eti.\",\"url\":\"https:\/\/emstrong.com.tr\/\",\"logo\":{\"@type\":\"ImageObject\",\"inLanguage\":\"tr\",\"@id\":\"https:\/\/emstrong.com.tr\/#\/schema\/logo\/image\/\",\"url\":\"https:\/\/emstrong.com.tr\/wp-content\/uploads\/2023\/02\/logo-emstrong-2023.png\",\"contentUrl\":\"https:\/\/emstrong.com.tr\/wp-content\/uploads\/2023\/02\/logo-emstrong-2023.png\",\"width\":3300,\"height\":771,\"caption\":\"Emstrong\"},\"image\":{\"@id\":\"https:\/\/emstrong.com.tr\/#\/schema\/logo\/image\/\"},\"sameAs\":[\"https:\/\/www.instagram.com\/emstrongtr\/\",\"https:\/\/twitter.com\/gencdiyetisyen\",\"https:\/\/www.instagram.com\/diyetisyenstore.com1\",\"https:\/\/www.facebook.com\/diyetisyenstore\",\"https:\/\/www.instagram.com\/emstrong.com.tr\/\"]}]}<\/script>\n<!-- \/ Yoast SEO plugin. -->","yoast_head_json":{"title":"EMSTRONG Cihaz\u0131 T\u00fcrk Patent ve Marka Kurumu Taraf\u0131ndan Onayland\u0131 - Emstrong","description":"EMSTRONG cihaz\u0131, T\u00fcrk Patent ve Marka Kurumu taraf\u0131ndan onayland\u0131. Diyetisyenlerin diyet programlar\u0131na premium destek sa\u011flayan bu yeni nesil elektro manyetik sistem hakk\u0131nda daha fazla bilgi edinin.","robots":{"index":"index","follow":"follow","max-snippet":"max-snippet:-1","max-image-preview":"max-image-preview:large","max-video-preview":"max-video-preview:-1"},"canonical":"http:\/\/emstrong.com.tr\/index.php\/hakkimizda\/emstrong-patent-onayi","og_locale":"tr_TR","og_type":"article","og_title":"EMSTRONG Cihaz\u0131 T\u00fcrk Patent ve Marka Kurumu Taraf\u0131ndan Onayland\u0131 - Emstrong","og_description":"EMSTRONG cihaz\u0131, T\u00fcrk Patent ve Marka Kurumu taraf\u0131ndan onayland\u0131. Diyetisyenlerin diyet programlar\u0131na premium destek sa\u011flayan bu yeni nesil elektro manyetik sistem hakk\u0131nda daha fazla bilgi edinin.","og_url":"http:\/\/emstrong.com.tr\/index.php\/hakkimizda\/emstrong-patent-onayi","og_site_name":"Emstrong","article_publisher":"https:\/\/www.instagram.com\/emstrongtr\/","article_modified_time":"2024-06-15T12:37:24+00:00","og_image":[{"width":1162,"height":1600,"url":"http:\/\/emstrong.com.tr\/wp-content\/uploads\/2024\/06\/Emstrong-patenti.jpeg","type":"image\/jpeg"}],"twitter_card":"summary_large_image","twitter_site":"@gencdiyetisyen","twitter_misc":{"Tahmini okuma s\u00fcresi":"2 dakika"},"schema":{"@context":"https:\/\/schema.org","@graph":[{"@type":"WebPage","@id":"http:\/\/emstrong.com.tr\/index.php\/hakkimizda\/emstrong-patent-onayi","url":"http:\/\/emstrong.com.tr\/index.php\/hakkimizda\/emstrong-patent-onayi","name":"EMSTRONG Cihaz\u0131 T\u00fcrk Patent ve Marka Kurumu Taraf\u0131ndan Onayland\u0131 - Emstrong","isPartOf":{"@id":"https:\/\/emstrong.com.tr\/#website"},"datePublished":"2024-06-15T12:30:44+00:00","dateModified":"2024-06-15T12:37:24+00:00","description":"EMSTRONG cihaz\u0131, T\u00fcrk Patent ve Marka Kurumu taraf\u0131ndan onayland\u0131. Diyetisyenlerin diyet programlar\u0131na premium destek sa\u011flayan bu yeni nesil elektro manyetik sistem hakk\u0131nda daha fazla bilgi edinin.","breadcrumb":{"@id":"http:\/\/emstrong.com.tr\/index.php\/hakkimizda\/emstrong-patent-onayi#breadcrumb"},"inLanguage":"tr","potentialAction":[{"@type":"ReadAction","target":["http:\/\/emstrong.com.tr\/index.php\/hakkimizda\/emstrong-patent-onayi"]}]},{"@type":"BreadcrumbList","@id":"http:\/\/emstrong.com.tr\/index.php\/hakkimizda\/emstrong-patent-onayi#breadcrumb","itemListElement":[{"@type":"ListItem","position":1,"name":"Anasayfa","item":"https:\/\/emstrong.com.tr\/"},{"@type":"ListItem","position":2,"name":"Hakk\u0131m\u0131zda","item":"http:\/\/emstrong.com.tr\/index.php\/hakkimizda"},{"@type":"ListItem","position":3,"name":"EMSTRONG Cihaz\u0131 T\u00fcrk Patent ve Marka Kurumu Taraf\u0131ndan Onayland\u0131"}]},{"@type":"WebSite","@id":"https:\/\/emstrong.com.tr\/#website","url":"https:\/\/emstrong.com.tr\/","name":"Emstrong","description":"G\u00fc\u00e7 Seninle Olsun","publisher":{"@id":"https:\/\/emstrong.com.tr\/#organization"},"alternateName":"EmStrong Pro4","potentialAction":[{"@type":"SearchAction","target":{"@type":"EntryPoint","urlTemplate":"https:\/\/emstrong.com.tr\/?s={search_term_string}"},"query-input":"required name=search_term_string"}],"inLanguage":"tr"},{"@type":"Organization","@id":"https:\/\/emstrong.com.tr\/#organization","name":"Emstrong","alternateName":"Diyetisyenstore D\u0131\u015f Tic. Ltd. \u015eti.","url":"https:\/\/emstrong.com.tr\/","logo":{"@type":"ImageObject","inLanguage":"tr","@id":"https:\/\/emstrong.com.tr\/#\/schema\/logo\/image\/","url":"https:\/\/emstrong.com.tr\/wp-content\/uploads\/2023\/02\/logo-emstrong-2023.png","contentUrl":"https:\/\/emstrong.com.tr\/wp-content\/uploads\/2023\/02\/logo-emstrong-2023.png","width":3300,"height":771,"caption":"Emstrong"},"image":{"@id":"https:\/\/emstrong.com.tr\/#\/schema\/logo\/image\/"},"sameAs":["https:\/\/www.instagram.com\/emstrongtr\/","https:\/\/twitter.com\/gencdiyetisyen","https:\/\/www.instagram.com\/diyetisyenstore.com1","https:\/\/www.facebook.com\/diyetisyenstore","https:\/\/www.instagram.com\/emstrong.com.tr\/"]}]}},"_links":{"self":[{"href":"http:\/\/emstrong.com.tr\/index.php\/wp-json\/wp\/v2\/pages\/666","targetHints":{"allow":["GET"]}}],"collection":[{"href":"http:\/\/emstrong.com.tr\/index.php\/wp-json\/wp\/v2\/pages"}],"about":[{"href":"http:\/\/emstrong.com.tr\/index.php\/wp-json\/wp\/v2\/types\/page"}],"author":[{"embeddable":true,"href":"http:\/\/emstrong.com.tr\/index.php\/wp-json\/wp\/v2\/users\/1"}],"replies":[{"embeddable":true,"href":"http:\/\/emstrong.com.tr\/index.php\/wp-json\/wp\/v2\/comments?post=666"}],"version-history":[{"count":5,"href":"http:\/\/emstrong.com.tr\/index.php\/wp-json\/wp\/v2\/pages\/666\/revisions"}],"predecessor-version":[{"id":675,"href":"http:\/\/emstrong.com.tr\/index.php\/wp-json\/wp\/v2\/pages\/666\/revisions\/675"}],"up":[{"embeddable":true,"href":"http:\/\/emstrong.com.tr\/index.php\/wp-json\/wp\/v2\/pages\/367"}],"wp:featuredmedia":[{"embeddable":true,"href":"http:\/\/emstrong.com.tr\/index.php\/wp-json\/wp\/v2\/media\/667"}],"wp:attachment":[{"href":"http:\/\/emstrong.com.tr\/index.php\/wp-json\/wp\/v2\/media?parent=666"}],"curies":[{"name":"wp","href":"https:\/\/api.w.org\/{rel}","templated":true}]}}